{"id":103,"date":"2025-11-30T17:43:04","date_gmt":"2025-11-30T16:43:04","guid":{"rendered":"https:\/\/network.cresciamoinsieme.gemos.it\/unionerubiconemare\/?page_id=103"},"modified":"2025-11-30T17:44:45","modified_gmt":"2025-11-30T16:44:45","slug":"notizie","status":"publish","type":"page","link":"https:\/\/network.cresciamoinsieme.gemos.it\/unionerubiconemare\/notizie\/","title":{"rendered":"Notizie"},"content":{"rendered":"\n<div class=\"wp-block-group alignfull has-global-padding is-layout-constrained wp-container-core-group-is-layout-d89aad35 wp-block-group-is-layout-constrained\" style=\"margin-top:0;margin-bottom:0;padding-top:var(--wp--preset--spacing--50);padding-right:var(--wp--preset--spacing--50);padding-bottom:var(--wp--preset--spacing--50);padding-left:var(--wp--preset--spacing--50)\">\n<h2 class=\"wp-block-heading has-text-align-center\">Le Notizie<\/h2>\n\n\n\n<div style=\"height:53px\" aria-hidden=\"true\" class=\"wp-block-spacer\"><\/div>\n\n\n\n<div class=\"wp-block-query is-layout-flow wp-block-query-is-layout-flow\"><ul class=\"wp-block-post-template is-layout-flow wp-block-post-template-is-layout-flow\"><li class=\"wp-block-post post-738 post type-post status-publish format-standard has-post-thumbnail hentry category-notizie tag-legumi nf_school_contract-unione-rubicone-mare\">\n\n<div class=\"wp-block-columns alignwide is-layout-flex wp-container-core-columns-is-layout-28f84493 wp-block-columns-is-layout-flex\">\n<div class=\"wp-block-column is-layout-flow wp-block-column-is-layout-flow\" style=\"flex-basis:66.66%\"><figure class=\"wp-block-post-featured-image\"><a href=\"https:\/\/network.cresciamoinsieme.gemos.it\/unionerubiconemare\/2026\/04\/21\/conosciamo-i-legumi\/\" target=\"_self\"  ><img loading=\"lazy\" decoding=\"async\" width=\"800\" height=\"522\" src=\"https:\/\/network.cresciamoinsieme.gemos.it\/unionerubiconemare\/wp-content\/uploads\/sites\/8\/2026\/04\/img_conosciamoilegumi.png\" class=\"attachment-post-thumbnail size-post-thumbnail wp-post-image\" alt=\"Conosciamo i legumi\" style=\"object-fit:cover;\" srcset=\"https:\/\/network.cresciamoinsieme.gemos.it\/unionerubiconemare\/wp-content\/uploads\/sites\/8\/2026\/04\/img_conosciamoilegumi.png 800w, https:\/\/network.cresciamoinsieme.gemos.it\/unionerubiconemare\/wp-content\/uploads\/sites\/8\/2026\/04\/img_conosciamoilegumi-300x196.png 300w, https:\/\/network.cresciamoinsieme.gemos.it\/unionerubiconemare\/wp-content\/uploads\/sites\/8\/2026\/04\/img_conosciamoilegumi-768x501.png 768w\" sizes=\"auto, (max-width: 800px) 100vw, 800px\" \/><\/a><\/figure><\/div>\n\n\n\n<div class=\"wp-block-column is-layout-flow wp-block-column-is-layout-flow\" style=\"flex-basis:33.33%\"><h2 class=\"wp-block-post-title\"><a href=\"https:\/\/network.cresciamoinsieme.gemos.it\/unionerubiconemare\/2026\/04\/21\/conosciamo-i-legumi\/\" target=\"_self\" >Conosciamo i legumi<\/a><\/h2>\n\n<div class=\"wp-block-post-excerpt\"><p class=\"wp-block-post-excerpt__excerpt\">Le proteine vegetali sono la base della dieta mediterranea e di tante altre tradizioni culinarie in tutto il mondo. Fagioli, ceci, lenticchie, piselli solo per citarne alcuni: questi alimenti, ricchi di nutrienti, rappresentano un vero&hellip; <\/p><\/div><\/div>\n<\/div>\n\n<\/li><li class=\"wp-block-post post-638 post type-post status-publish format-standard has-post-thumbnail hentry category-notizie nf_school_contract-unione-rubicone-mare\">\n\n<div class=\"wp-block-columns alignwide is-layout-flex wp-container-core-columns-is-layout-28f84493 wp-block-columns-is-layout-flex\">\n<div class=\"wp-block-column is-layout-flow wp-block-column-is-layout-flow\" style=\"flex-basis:66.66%\"><figure class=\"wp-block-post-featured-image\"><a href=\"https:\/\/network.cresciamoinsieme.gemos.it\/unionerubiconemare\/2026\/04\/02\/pesce-daprile\/\" target=\"_self\"  ><img loading=\"lazy\" decoding=\"async\" width=\"1536\" height=\"1024\" src=\"https:\/\/network.cresciamoinsieme.gemos.it\/unionerubiconemare\/wp-content\/uploads\/sites\/8\/2026\/04\/Pranzo-mediterraneo-in-famiglia.jpg\" class=\"attachment-post-thumbnail size-post-thumbnail wp-post-image\" alt=\"Pesce d&#8217;Aprile\" style=\"object-fit:cover;\" srcset=\"https:\/\/network.cresciamoinsieme.gemos.it\/unionerubiconemare\/wp-content\/uploads\/sites\/8\/2026\/04\/Pranzo-mediterraneo-in-famiglia.jpg 1536w, https:\/\/network.cresciamoinsieme.gemos.it\/unionerubiconemare\/wp-content\/uploads\/sites\/8\/2026\/04\/Pranzo-mediterraneo-in-famiglia-300x200.jpg 300w, https:\/\/network.cresciamoinsieme.gemos.it\/unionerubiconemare\/wp-content\/uploads\/sites\/8\/2026\/04\/Pranzo-mediterraneo-in-famiglia-1024x683.jpg 1024w, https:\/\/network.cresciamoinsieme.gemos.it\/unionerubiconemare\/wp-content\/uploads\/sites\/8\/2026\/04\/Pranzo-mediterraneo-in-famiglia-768x512.jpg 768w\" sizes=\"auto, (max-width: 1536px) 100vw, 1536px\" \/><\/a><\/figure><\/div>\n\n\n\n<div class=\"wp-block-column is-layout-flow wp-block-column-is-layout-flow\" style=\"flex-basis:33.33%\"><h2 class=\"wp-block-post-title\"><a href=\"https:\/\/network.cresciamoinsieme.gemos.it\/unionerubiconemare\/2026\/04\/02\/pesce-daprile\/\" target=\"_self\" >Pesce d&#8217;Aprile<\/a><\/h2>\n\n<div class=\"wp-block-post-excerpt\"><p class=\"wp-block-post-excerpt__excerpt\">Impariamo a conoscere il pesce \u2013 Ricette per bambini &nbsp; Il pesce \u00e8 un pilastro per la dieta mediterranea ed \u00e8 un grandissimo alleato della nostra salute. Consumarlo 2-3 volte a settimana protegge il nostro&hellip; <\/p><\/div><\/div>\n<\/div>\n\n<\/li><li class=\"wp-block-post post-592 post type-post status-publish format-standard has-post-thumbnail hentry category-notizie nf_school_contract-unione-rubicone-mare\">\n\n<div class=\"wp-block-columns alignwide is-layout-flex wp-container-core-columns-is-layout-28f84493 wp-block-columns-is-layout-flex\">\n<div class=\"wp-block-column is-layout-flow wp-block-column-is-layout-flow\" style=\"flex-basis:66.66%\"><figure class=\"wp-block-post-featured-image\"><a href=\"https:\/\/network.cresciamoinsieme.gemos.it\/unionerubiconemare\/2026\/03\/11\/cresci-sano-come-un-pesce\/\" target=\"_self\"  ><img loading=\"lazy\" decoding=\"async\" width=\"1280\" height=\"848\" src=\"https:\/\/network.cresciamoinsieme.gemos.it\/unionerubiconemare\/wp-content\/uploads\/sites\/8\/2026\/03\/img_sanocomeunpesce.jpg\" class=\"attachment-post-thumbnail size-post-thumbnail wp-post-image\" alt=\"Cresci sano come un pesce\" style=\"object-fit:cover;\" srcset=\"https:\/\/network.cresciamoinsieme.gemos.it\/unionerubiconemare\/wp-content\/uploads\/sites\/8\/2026\/03\/img_sanocomeunpesce.jpg 1280w, https:\/\/network.cresciamoinsieme.gemos.it\/unionerubiconemare\/wp-content\/uploads\/sites\/8\/2026\/03\/img_sanocomeunpesce-300x199.jpg 300w, https:\/\/network.cresciamoinsieme.gemos.it\/unionerubiconemare\/wp-content\/uploads\/sites\/8\/2026\/03\/img_sanocomeunpesce-1024x678.jpg 1024w, https:\/\/network.cresciamoinsieme.gemos.it\/unionerubiconemare\/wp-content\/uploads\/sites\/8\/2026\/03\/img_sanocomeunpesce-768x509.jpg 768w\" sizes=\"auto, (max-width: 1280px) 100vw, 1280px\" \/><\/a><\/figure><\/div>\n\n\n\n<div class=\"wp-block-column is-layout-flow wp-block-column-is-layout-flow\" style=\"flex-basis:33.33%\"><h2 class=\"wp-block-post-title\"><a href=\"https:\/\/network.cresciamoinsieme.gemos.it\/unionerubiconemare\/2026\/03\/11\/cresci-sano-come-un-pesce\/\" target=\"_self\" >Cresci sano come un pesce<\/a><\/h2>\n\n<div class=\"wp-block-post-excerpt\"><p class=\"wp-block-post-excerpt__excerpt\">Mangia bene e cresci sano come un pesce La frase \u201csano come un pesce\u201d non \u00e8 solo un modo di dire! Spesso i bambini non amano il pesce, il nostro compito \u00e8 trasformare il pesce&hellip; <\/p><\/div><\/div>\n<\/div>\n\n<\/li><li class=\"wp-block-post post-534 post type-post status-publish format-standard has-post-thumbnail hentry category-notizie tag-laboratorio-didattico tag-le-mani-in-pasta nf_school_contract-unione-rubicone-mare\">\n\n<div class=\"wp-block-columns alignwide is-layout-flex wp-container-core-columns-is-layout-28f84493 wp-block-columns-is-layout-flex\">\n<div class=\"wp-block-column is-layout-flow wp-block-column-is-layout-flow\" style=\"flex-basis:66.66%\"><figure class=\"wp-block-post-featured-image\"><a href=\"https:\/\/network.cresciamoinsieme.gemos.it\/unionerubiconemare\/2026\/03\/04\/laboratorio-didattico-le-mani-in-pasta\/\" target=\"_self\"  ><img loading=\"lazy\" decoding=\"async\" width=\"1280\" height=\"848\" src=\"https:\/\/network.cresciamoinsieme.gemos.it\/unionerubiconemare\/wp-content\/uploads\/sites\/8\/2026\/03\/IMG_3MARZO.png\" class=\"attachment-post-thumbnail size-post-thumbnail wp-post-image\" alt=\"Laboratorio Didattico \u201cLe Mani in Pasta\u201d\" style=\"object-fit:cover;\" srcset=\"https:\/\/network.cresciamoinsieme.gemos.it\/unionerubiconemare\/wp-content\/uploads\/sites\/8\/2026\/03\/IMG_3MARZO.png 1280w, https:\/\/network.cresciamoinsieme.gemos.it\/unionerubiconemare\/wp-content\/uploads\/sites\/8\/2026\/03\/IMG_3MARZO-300x199.png 300w, https:\/\/network.cresciamoinsieme.gemos.it\/unionerubiconemare\/wp-content\/uploads\/sites\/8\/2026\/03\/IMG_3MARZO-1024x678.png 1024w, https:\/\/network.cresciamoinsieme.gemos.it\/unionerubiconemare\/wp-content\/uploads\/sites\/8\/2026\/03\/IMG_3MARZO-768x509.png 768w\" sizes=\"auto, (max-width: 1280px) 100vw, 1280px\" \/><\/a><\/figure><\/div>\n\n\n\n<div class=\"wp-block-column is-layout-flow wp-block-column-is-layout-flow\" style=\"flex-basis:33.33%\"><h2 class=\"wp-block-post-title\"><a href=\"https:\/\/network.cresciamoinsieme.gemos.it\/unionerubiconemare\/2026\/03\/04\/laboratorio-didattico-le-mani-in-pasta\/\" target=\"_self\" >Laboratorio Didattico \u201cLe Mani in Pasta\u201d<\/a><\/h2>\n\n<div class=\"wp-block-post-excerpt\"><p class=\"wp-block-post-excerpt__excerpt\">Il laboratorio didattico \u201cLe Mani in Pasta\u201d si inserisce in continuit\u00e0 con il progetto di Educazione Alimentare e con il percorso di cittadinanza \u201cIo, Tu, Noi, Voi: Prime Gocce Educanti\u201d, nonch\u00e9 con il progetto di&hellip; <\/p><\/div><\/div>\n<\/div>\n\n<\/li><li class=\"wp-block-post post-516 post type-post status-publish format-standard has-post-thumbnail hentry category-notizie tag-fantastici-agrumi nf_school_contract-unione-rubicone-mare\">\n\n<div class=\"wp-block-columns alignwide is-layout-flex wp-container-core-columns-is-layout-28f84493 wp-block-columns-is-layout-flex\">\n<div class=\"wp-block-column is-layout-flow wp-block-column-is-layout-flow\" style=\"flex-basis:66.66%\"><figure class=\"wp-block-post-featured-image\"><a href=\"https:\/\/network.cresciamoinsieme.gemos.it\/unionerubiconemare\/2026\/03\/02\/fantastici-agrumi-alla-scuola-peter-pan\/\" target=\"_self\"  ><img loading=\"lazy\" decoding=\"async\" width=\"1280\" height=\"848\" src=\"https:\/\/network.cresciamoinsieme.gemos.it\/unionerubiconemare\/wp-content\/uploads\/sites\/8\/2026\/03\/img_27febb.png\" class=\"attachment-post-thumbnail size-post-thumbnail wp-post-image\" alt=\"Fantastici Agrumi alla scuola Peter Pan\" style=\"object-fit:cover;\" srcset=\"https:\/\/network.cresciamoinsieme.gemos.it\/unionerubiconemare\/wp-content\/uploads\/sites\/8\/2026\/03\/img_27febb.png 1280w, https:\/\/network.cresciamoinsieme.gemos.it\/unionerubiconemare\/wp-content\/uploads\/sites\/8\/2026\/03\/img_27febb-300x199.png 300w, https:\/\/network.cresciamoinsieme.gemos.it\/unionerubiconemare\/wp-content\/uploads\/sites\/8\/2026\/03\/img_27febb-1024x678.png 1024w, https:\/\/network.cresciamoinsieme.gemos.it\/unionerubiconemare\/wp-content\/uploads\/sites\/8\/2026\/03\/img_27febb-768x509.png 768w\" sizes=\"auto, (max-width: 1280px) 100vw, 1280px\" \/><\/a><\/figure><\/div>\n\n\n\n<div class=\"wp-block-column is-layout-flow wp-block-column-is-layout-flow\" style=\"flex-basis:33.33%\"><h2 class=\"wp-block-post-title\"><a href=\"https:\/\/network.cresciamoinsieme.gemos.it\/unionerubiconemare\/2026\/03\/02\/fantastici-agrumi-alla-scuola-peter-pan\/\" target=\"_self\" >Fantastici Agrumi alla scuola Peter Pan<\/a><\/h2>\n\n<div class=\"wp-block-post-excerpt\"><p class=\"wp-block-post-excerpt__excerpt\">Venerd\u00ec 27 febbraio la scuola dell\u2019infanzia Peter Pan di Gatteo ha ospitato il laboratorio \u201cFantastici Agrumi\u201d, un\u2019esperienza dedicata alla scoperta della frutta di stagione attraverso i sensi. I bambini sono stati protagonisti di un percorso&hellip; <\/p><\/div><\/div>\n<\/div>\n\n<\/li><li class=\"wp-block-post post-424 post type-post status-publish format-standard has-post-thumbnail hentry category-notizie tag-la-cena-dopo-la-mensa nf_school_contract-unione-rubicone-mare\">\n\n<div class=\"wp-block-columns alignwide is-layout-flex wp-container-core-columns-is-layout-28f84493 wp-block-columns-is-layout-flex\">\n<div class=\"wp-block-column is-layout-flow wp-block-column-is-layout-flow\" style=\"flex-basis:66.66%\"><figure class=\"wp-block-post-featured-image\"><a href=\"https:\/\/network.cresciamoinsieme.gemos.it\/unionerubiconemare\/2026\/02\/12\/la-cena-dopo-la-mensa\/\" target=\"_self\"  ><img loading=\"lazy\" decoding=\"async\" width=\"800\" height=\"522\" src=\"https:\/\/network.cresciamoinsieme.gemos.it\/unionerubiconemare\/wp-content\/uploads\/sites\/8\/2026\/02\/1-1.png\" class=\"attachment-post-thumbnail size-post-thumbnail wp-post-image\" alt=\"La cena dopo la mensa\" style=\"object-fit:cover;\" srcset=\"https:\/\/network.cresciamoinsieme.gemos.it\/unionerubiconemare\/wp-content\/uploads\/sites\/8\/2026\/02\/1-1.png 800w, https:\/\/network.cresciamoinsieme.gemos.it\/unionerubiconemare\/wp-content\/uploads\/sites\/8\/2026\/02\/1-1-300x196.png 300w, https:\/\/network.cresciamoinsieme.gemos.it\/unionerubiconemare\/wp-content\/uploads\/sites\/8\/2026\/02\/1-1-768x501.png 768w\" sizes=\"auto, (max-width: 800px) 100vw, 800px\" \/><\/a><\/figure><\/div>\n\n\n\n<div class=\"wp-block-column is-layout-flow wp-block-column-is-layout-flow\" style=\"flex-basis:33.33%\"><h2 class=\"wp-block-post-title\"><a href=\"https:\/\/network.cresciamoinsieme.gemos.it\/unionerubiconemare\/2026\/02\/12\/la-cena-dopo-la-mensa\/\" target=\"_self\" >La cena dopo la mensa<\/a><\/h2>\n\n<div class=\"wp-block-post-excerpt\"><p class=\"wp-block-post-excerpt__excerpt\">Continuit\u00e0 educativa tra scuola e famiglia Quando i bambini pranzano a scuola, la cena rappresenta un momento prezioso non solo dal punto di vista nutrizionale, ma anche educativo.Scuola e famiglia, infatti, condividono un obiettivo comune:&hellip; <\/p><\/div><\/div>\n<\/div>\n\n<\/li><li class=\"wp-block-post post-417 post type-post status-publish format-standard has-post-thumbnail hentry category-notizie tag-agrumi nf_school_contract-unione-rubicone-mare\">\n\n<div class=\"wp-block-columns alignwide is-layout-flex wp-container-core-columns-is-layout-28f84493 wp-block-columns-is-layout-flex\">\n<div class=\"wp-block-column is-layout-flow wp-block-column-is-layout-flow\" style=\"flex-basis:66.66%\"><figure class=\"wp-block-post-featured-image\"><a href=\"https:\/\/network.cresciamoinsieme.gemos.it\/unionerubiconemare\/2026\/02\/11\/fantastici-agrumi\/\" target=\"_self\"  ><img loading=\"lazy\" decoding=\"async\" width=\"800\" height=\"522\" src=\"https:\/\/network.cresciamoinsieme.gemos.it\/unionerubiconemare\/wp-content\/uploads\/sites\/8\/2026\/02\/locandina_01.jpg\" class=\"attachment-post-thumbnail size-post-thumbnail wp-post-image\" alt=\"Fantastici Agrumi\" style=\"object-fit:cover;\" srcset=\"https:\/\/network.cresciamoinsieme.gemos.it\/unionerubiconemare\/wp-content\/uploads\/sites\/8\/2026\/02\/locandina_01.jpg 800w, https:\/\/network.cresciamoinsieme.gemos.it\/unionerubiconemare\/wp-content\/uploads\/sites\/8\/2026\/02\/locandina_01-300x196.jpg 300w, https:\/\/network.cresciamoinsieme.gemos.it\/unionerubiconemare\/wp-content\/uploads\/sites\/8\/2026\/02\/locandina_01-768x501.jpg 768w\" sizes=\"auto, (max-width: 800px) 100vw, 800px\" \/><\/a><\/figure><\/div>\n\n\n\n<div class=\"wp-block-column is-layout-flow wp-block-column-is-layout-flow\" style=\"flex-basis:33.33%\"><h2 class=\"wp-block-post-title\"><a href=\"https:\/\/network.cresciamoinsieme.gemos.it\/unionerubiconemare\/2026\/02\/11\/fantastici-agrumi\/\" target=\"_self\" >Fantastici Agrumi<\/a><\/h2>\n\n<div class=\"wp-block-post-excerpt\"><p class=\"wp-block-post-excerpt__excerpt\">Il progetto&nbsp;\u201cFantastici Agrumi\u201d&nbsp;\u00e8 un\u2019iniziativa di educazione alimentare promossa dalle&nbsp;scuole dell\u2019infanzia del Comune di Gatteo, in collaborazione con&nbsp;Gemos, e si inserisce nelle attivit\u00e0 educative del portale&nbsp;Cresciamo Insieme. L\u2019attivit\u00e0 si svolger\u00e0 nella giornata del&nbsp;27 febbraio&nbsp;e coinvolger\u00e0 i&hellip; <\/p><\/div><\/div>\n<\/div>\n\n<\/li><li class=\"wp-block-post post-314 post type-post status-publish format-standard has-post-thumbnail hentry category-notizie tag-progetto tag-verdure nf_school_contract-unione-rubicone-mare\">\n\n<div class=\"wp-block-columns alignwide is-layout-flex wp-container-core-columns-is-layout-28f84493 wp-block-columns-is-layout-flex\">\n<div class=\"wp-block-column is-layout-flow wp-block-column-is-layout-flow\" style=\"flex-basis:66.66%\"><figure class=\"wp-block-post-featured-image\"><a href=\"https:\/\/network.cresciamoinsieme.gemos.it\/unionerubiconemare\/2026\/01\/27\/la-verdura-e-preziosa\/\" target=\"_self\"  ><img loading=\"lazy\" decoding=\"async\" width=\"800\" height=\"522\" src=\"https:\/\/network.cresciamoinsieme.gemos.it\/unionerubiconemare\/wp-content\/uploads\/sites\/8\/2026\/01\/img_verdure.png\" class=\"attachment-post-thumbnail size-post-thumbnail wp-post-image\" alt=\"LA VERDURA \u00c8 PREZIOSA\" style=\"object-fit:cover;\" srcset=\"https:\/\/network.cresciamoinsieme.gemos.it\/unionerubiconemare\/wp-content\/uploads\/sites\/8\/2026\/01\/img_verdure.png 800w, https:\/\/network.cresciamoinsieme.gemos.it\/unionerubiconemare\/wp-content\/uploads\/sites\/8\/2026\/01\/img_verdure-300x196.png 300w, https:\/\/network.cresciamoinsieme.gemos.it\/unionerubiconemare\/wp-content\/uploads\/sites\/8\/2026\/01\/img_verdure-768x501.png 768w\" sizes=\"auto, (max-width: 800px) 100vw, 800px\" \/><\/a><\/figure><\/div>\n\n\n\n<div class=\"wp-block-column is-layout-flow wp-block-column-is-layout-flow\" style=\"flex-basis:33.33%\"><h2 class=\"wp-block-post-title\"><a href=\"https:\/\/network.cresciamoinsieme.gemos.it\/unionerubiconemare\/2026\/01\/27\/la-verdura-e-preziosa\/\" target=\"_self\" >LA VERDURA \u00c8 PREZIOSA<\/a><\/h2>\n\n<div class=\"wp-block-post-excerpt\"><p class=\"wp-block-post-excerpt__excerpt\">LA VERDURA \u00c8 PREZIOSA. All\u2019interno del Nido Il BrucoA San Mauro Pascoli un progetto di educazione alimentare per i pi\u00f9 piccoli A San Mauro Pascoli prende avvio \u201cLa verdura \u00e8 preziosa\u201d, un progetto di educazione&hellip; <\/p><\/div><\/div>\n<\/div>\n\n<\/li><li class=\"wp-block-post post-284 post type-post status-publish format-standard has-post-thumbnail hentry category-notizie tag-vitamina-c nf_school_contract-unione-rubicone-mare\">\n\n<div class=\"wp-block-columns alignwide is-layout-flex wp-container-core-columns-is-layout-28f84493 wp-block-columns-is-layout-flex\">\n<div class=\"wp-block-column is-layout-flow wp-block-column-is-layout-flow\" style=\"flex-basis:66.66%\"><figure class=\"wp-block-post-featured-image\"><a href=\"https:\/\/network.cresciamoinsieme.gemos.it\/unionerubiconemare\/2026\/01\/19\/la-vitamina-c-un-alleato-per-la-nostra-salute\/\" target=\"_self\"  ><img loading=\"lazy\" decoding=\"async\" width=\"800\" height=\"522\" src=\"https:\/\/network.cresciamoinsieme.gemos.it\/unionerubiconemare\/wp-content\/uploads\/sites\/8\/2026\/01\/Img_Articolo_VitaminaC.png\" class=\"attachment-post-thumbnail size-post-thumbnail wp-post-image\" alt=\"La Vitamina C&#8230;un alleato per la nostra salute\" style=\"object-fit:cover;\" srcset=\"https:\/\/network.cresciamoinsieme.gemos.it\/unionerubiconemare\/wp-content\/uploads\/sites\/8\/2026\/01\/Img_Articolo_VitaminaC.png 800w, https:\/\/network.cresciamoinsieme.gemos.it\/unionerubiconemare\/wp-content\/uploads\/sites\/8\/2026\/01\/Img_Articolo_VitaminaC-300x196.png 300w, https:\/\/network.cresciamoinsieme.gemos.it\/unionerubiconemare\/wp-content\/uploads\/sites\/8\/2026\/01\/Img_Articolo_VitaminaC-768x501.png 768w\" sizes=\"auto, (max-width: 800px) 100vw, 800px\" \/><\/a><\/figure><\/div>\n\n\n\n<div class=\"wp-block-column is-layout-flow wp-block-column-is-layout-flow\" style=\"flex-basis:33.33%\"><h2 class=\"wp-block-post-title\"><a href=\"https:\/\/network.cresciamoinsieme.gemos.it\/unionerubiconemare\/2026\/01\/19\/la-vitamina-c-un-alleato-per-la-nostra-salute\/\" target=\"_self\" >La Vitamina C&#8230;un alleato per la nostra salute<\/a><\/h2>\n\n<div class=\"wp-block-post-excerpt\"><p class=\"wp-block-post-excerpt__excerpt\">La vitamina C, o anche conosciuta come acido ascorbico, \u00e8 uno dei micronutrienti pi\u00f9 famosi al mondo, di cui spesso ne sottovalutiamo l&#8217;importanza o ignoriamo quali siano le fonti alimentari pi\u00f9 efficaci per assumerla. Essendo&hellip; <\/p><\/div><\/div>\n<\/div>\n\n<\/li><\/ul><\/div>\n<\/div>\n","protected":false},"excerpt":{"rendered":"<p>Le Notizie<\/p>\n","protected":false},"author":1,"featured_media":0,"parent":0,"menu_order":0,"comment_status":"closed","ping_status":"closed","template":"","meta":{"_editorskit_title_hidden":false,"_editorskit_reading_time":0,"_editorskit_is_block_options_detached":false,"_editorskit_block_options_position":"{}","footnotes":""},"class_list":["post-103","page","type-page","status-publish","hentry"],"aioseo_notices":[],"_links":{"self":[{"href":"https:\/\/network.cresciamoinsieme.gemos.it\/unionerubiconemare\/wp-json\/wp\/v2\/pages\/103","targetHints":{"allow":["GET"]}}],"collection":[{"href":"https:\/\/network.cresciamoinsieme.gemos.it\/unionerubiconemare\/wp-json\/wp\/v2\/pages"}],"about":[{"href":"https:\/\/network.cresciamoinsieme.gemos.it\/unionerubiconemare\/wp-json\/wp\/v2\/types\/page"}],"author":[{"embeddable":true,"href":"https:\/\/network.cresciamoinsieme.gemos.it\/unionerubiconemare\/wp-json\/wp\/v2\/users\/1"}],"replies":[{"embeddable":true,"href":"https:\/\/network.cresciamoinsieme.gemos.it\/unionerubiconemare\/wp-json\/wp\/v2\/comments?post=103"}],"version-history":[{"count":3,"href":"https:\/\/network.cresciamoinsieme.gemos.it\/unionerubiconemare\/wp-json\/wp\/v2\/pages\/103\/revisions"}],"predecessor-version":[{"id":106,"href":"https:\/\/network.cresciamoinsieme.gemos.it\/unionerubiconemare\/wp-json\/wp\/v2\/pages\/103\/revisions\/106"}],"wp:attachment":[{"href":"https:\/\/network.cresciamoinsieme.gemos.it\/unionerubiconemare\/wp-json\/wp\/v2\/media?parent=103"}],"curies":[{"name":"wp","href":"https:\/\/api.w.org\/{rel}","templated":true}]}}